
List the prime factors of 141217.
283, 499
What are the prime factors of 1445?
5, 17
List the prime factors of 62827.
62827
What are the prime factors of 10685?
5, 2137
What are the prime factors of 4227?
3, 1409
What are the prime factors of 39025?
5, 7, 223
What are the prime factors of 735?
3, 5, 7
What are the prime factors of 193?
193
List the prime factors of 43101.
3, 4789
What are the prime factors of 273?
3, 7, 13
What are the prime factors of 5840?
2, 5, 73
List the prime factors of 63847.
7, 1303
List the prime factors of 11486.
2, 5743
What are the prime factors of 26544?
2, 3, 7, 79
What are the prime factors of 56310?
2, 3, 5, 1877
What are the prime factors of 45950?
2, 5, 919
List the prime factors of 6124.
2, 1531
What are the prime factors of 11832?
2, 3, 17, 29
List the prime factors of 10765.
5, 2153
List the prime factors of 21504.
2, 3, 7
List the prime factors of 1212.
2, 3, 101
List the prime factors of 3006.
2, 3, 167
List the prime factors of 208.
2, 13
List the prime factors of 1892.
2, 11, 43
List the prime factors of 12084.
2, 3, 19, 53
List the prime factors of 7072.
2, 13, 17
List the prime factors of 4301.
11, 17, 23
What are the prime factors of 43990?
2, 5, 53, 83
What are the prime factors of 2022?
2, 3, 337
What are the prime factors of 1112?
2, 139
List the prime factors of 6732.
2, 3, 11, 17
List the prime factors of 1261.
13, 97
List the prime factors of 1886.
2, 23, 41
What are the prime factors of 694?
2, 347
What are the prime factors of 17053?
17053
List the prime factors of 1940.
2, 5, 97
List the prime factors of 79119.
3, 59, 149
List the prime factors of 582.
2, 3, 97
List the prime factors of 42768.
2, 3, 11
List the prime factors of 15465.
3, 5, 1031
What are the prime factors of 3050?
2, 5, 61
What are the prime factors of 1117?
1117
List the prime factors of 56983.
56983
What are the prime factors of 638?
2, 11, 29
List the prime factors of 25102.
2, 7, 11, 163
List the prime factors of 2720.
2, 5, 17
List the prime factors of 891.
3, 11
List the prime factors of 23626.
2, 11813
What are the prime factors of 620?
2, 5, 31
What are the prime factors of 32815?
5, 6563
What are the prime factors of 588?
2, 3, 7
What are the prime factors of 429?
3, 11, 13
What are the prime factors of 1129?
1129
What are the prime factors of 9092?
2, 2273
What are the prime factors of 3082?
2, 23, 67
List the prime factors of 77158.
2, 173, 223
List the prime factors of 7576.
2, 947
What are the prime factors of 888?
2, 3, 37
List the prime factors of 1002.
2, 3, 167
List the prime factors of 2355.
3, 5, 157
What are the prime factors of 43789?
43789
What are the prime factors of 80799?
3, 23, 1171
List the prime factors of 637.
7, 13
What are the prime factors of 10419?
3, 23, 151
What are the prime factors of 391?
17, 23
What are the prime factors of 18770?
2, 5, 1877
List the prime factors of 3287.
19, 173
What are the prime factors of 46?
2, 23
What are the prime factors of 6027?
3, 7, 41
What are the prime factors of 4670?
2, 5, 467
List the prime factors of 2138.
2, 1069
What are the prime factors of 461?
461
What are the prime factors of 23026?
2, 29, 397
What are the prime factors of 7025?
5, 281
What are the prime factors of 73093?
19, 3847
List the prime factors of 178.
2, 89
What are the prime factors of 39686?
2, 19843
List the prime factors of 8358.
2, 3, 7, 199
What are the prime factors of 1969?
11, 179
What are the prime factors of 66755?
5, 13, 79
List the prime factors of 2052.
2, 3, 19
What are the prime factors of 1112?
2, 139
List the prime factors of 58982.
2, 7, 11, 383
What are the prime factors of 30365?
5, 6073
What are the prime factors of 212?
2, 53
What are the prime factors of 1798?
2, 29, 31
What are the prime factors of 4596?
2, 3, 383
List the prime factors of 20198.
2, 10099
List the prime factors of 3778.
2, 1889
List the prime factors of 2198.
2, 7, 157
What are the prime factors of 1535?
5, 307
What are the prime factors of 651?
3, 7, 31
What are the prime factors of 6160?
2, 5, 7, 11
List the prime factors of 1837.
11, 167
What are the prime factors of 20193?
3, 53, 127
What are the prime factors of 20747?
20747
List the prime factors of 1572.
2, 3, 131
List the prime factors of 27936.
2, 3, 97
What are the prime factors of 73808?
2, 7, 659
What are the prime factors of 47644?
2, 43, 277
What are the prime factors of 2797?
2797
List the prime factors of 15730.
2, 5, 11, 13
List the prime factors of 13804.
2, 7, 17, 29
List the prime factors of 787.
787
What are the prime factors of 2272?
2, 71
What are the prime factors of 75661?
29, 2609
List the prime factors of 6933.
3, 2311
List the prime factors of 50278.
2, 23, 1093
What are the prime factors of 7761?
3, 13, 199
List the prime factors of 10556.
2, 7, 13, 29
List the prime factors of 2481.
3, 827
What are the prime factors of 2175?
3, 5, 29
List the prime factors of 2302.
2, 1151
What are the prime factors of 12511?
12511
List the prime factors of 207.
3, 23
List the prime factors of 1939.
7, 277
List the prime factors of 107533.
191, 563
What are the prime factors of 3245?
5, 11, 59
What are the prime factors of 4276?
2, 1069
What are the prime factors of 544?
2, 17
What are the prime factors of 3270?
2, 3, 5, 109
List the prime factors of 29454.
2, 3, 4909
What are the prime factors of 5966?
2, 19, 157
What are the prime factors of 55331?
55331
What are the prime factors of 1150?
2, 5, 23
What are the prime factors of 4897?
59, 83
List the prime factors of 8487.
3, 23, 41
What are the prime factors of 4209?
3, 23, 61
List the prime factors of 76905.
3, 5, 1709
List the prime factors of 4828.
2, 17, 71
What are the prime factors of 783?
3, 29
List the prime factors of 2026.
2, 1013
What are the prime factors of 27506?
2, 17, 809
List the prime factors of 338.
2, 13
List the prime factors of 523.
523
List the prime factors of 57035.
5, 11, 17, 61
List the prime factors of 1316.
2, 7, 47
List the prime factors of 2912.
2, 7, 13
List the prime factors of 33797.
33797
What are the prime factors of 55344?
2, 3, 1153
What are the prime factors of 9419?
9419
List the prime factors of 122701.
122701
What are the prime factors of 544?
2, 17
List the prime factors of 4162.
2, 2081
What are the prime factors of 11622?
2, 3, 13, 149
List the prime factors of 64375.
5, 103
List the prime factors of 1144.
2, 11, 13
What are the prime factors of 2117?
29, 73
What are the prime factors of 12367?
83, 149
What are the prime factors of 410?
2, 5, 41
What are the prime factors of 3769?
3769
List the prime factors of 432.
2, 3
What are the prime factors of 16581?
3, 5527
What are the prime factors of 7193?
7193
List the prime factors of 2477.
2477
What are the prime factors of 12?
2, 3
What are the prime factors of 5482?
2, 2741
List the prime factors of 2639.
7, 13, 29
List the prime factors of 24094.
2, 7, 1721
What are the prime factors of 3166?
2, 1583
What are the prime factors of 2377?
2377
What are the prime factors of 57373?
57373
What are the prime factors of 981?
3, 109
What are the prime factors of 14378?
2, 7, 13, 79
What are the prime factors of 5146?
2, 31, 83
What are the prime factors of 856?
2, 107
List the prime factors of 64657.
19, 41, 83
List the prime factors of 627.
3, 11, 19
List the prime factors of 6767.
67, 101
What are the prime factors of 2922?
2, 3, 487
What are the prime factors of 5617?
41, 137
What are the prime factors of 13997?
13997
List the prime factors of 667.
23, 29
What are the prime factors of 6203?
6203
What are the prime factors of 8669?
8669
What are the prime factors of 58418?
2, 29209
What are the prime factors of 58439?
58439
What are the prime factors of 2871?
3, 11, 29
List the prime factors of 1722.
2, 3, 7, 41
List the prime factors of 13119.
3, 4373
List the prime factors of 764.
2, 191
List the prime factors of 3655.
5, 17, 43
What are the prime factors of 1973?
1973
List the prime factors of 9235.
5, 1847
What are the prime factors of 6346?
2, 19, 167
What are the prime factors of 99189?
3, 103, 107
What are the prime factors of 2072?
2, 7, 37
What are the prime factors of 15663?
3, 23, 227
What are the prime factors of 514?
2, 257
What are the prime factors of 2266?
2, 11, 103
Wh